 1799?
471
Calculate the remainder when 861867 is divided by 497.
69
What is the remainder when 1423757 is divided by 881?
61
Calculate the remainder when 803713 is divided by 2358.
1993
Calculate the remainder when 18818 is divided by 18520.
298
Calculate the remainder when 501770 is divided by 2522.
2414
Calculate the remainder when 1321 is divided by 799.
522
What is the remainder when 2374934 is divided by 98942?
326
Calculate the remainder when 29273518 is divided by 3396.
3394
What is the remainder when 52111 is divided by 17119?
754
Calculate the remainder when 65227608 is divided by 23.
22
What is the remainder when 290140 is divided by 15113?
2993
What is the remainder when 8170976 is divided by 47?
26
What is the remainder when 35882 is divided by 4474?
90
Calculate the remainder when 382435 is divided by 407.
262
What is the remainder when 12051893 is divided by 71?
69
What is the remainder when 4139385 is divided by 157?
80
What is the remainder when 15415995 is divided by 346?
311
Calculate the remainder when 3753119 is divided by 6372.
11
Calculate the remainder when 11129661 is divided by 205.
6
What is the remainder when 9651985 is divided by 219?
217
What is the remainder when 56670157 is divided by 4451?
25
Calculate the remainder when 783185 is divided by 71198.
7
What is the remainder when 34031184 is divided by 27?
6
Calculate the remainder when 300473259 is divided by 869.
867
Calculate the remainder when 262106 is divided by 52294.
636
Calculate the remainder when 1041856 is divided by 520797.
262
Calculate the remainder when 126917 is divided by 10498.
941
Calculate the remainder when 4279489 is divided by 258.
43
What is the remainder when 16965233 is divided by 232?
1
What is the remainder when 717236 is divided by 1044?
8
Calculate the remainder when 1183065 is divided by 56331.
114
Calculate the remainder when 10635447 is divided by 175.
172
Calculate the remainder when 136773 is divided by 11394.
45
Calculate the remainder when 91590914 is divided by 934601.
16
What is the remainder when 2394433 is divided by 80?
33
What is the remainder when 773841 is divided by 257938?
27
What is the remainder when 461608 is divided by 2052?
1960
What is the remainder when 51847594 is divided by 2033?
2028
Calculate the remainder when 28448754 is divided by 9521.
6
Calculate the remainder when 2848823 is divided by 2396.
2375
Calculate the remainder when 1326102 is divided by 265203.
87
What is the remainder when 4187342 is divided by 155?
17
Calculate the remainder when 2237124 is divided by 1152.
1092
Calculate the remainder when 10910530 is divided by 98.
92
Calculate the remainder when 18738329 is divided by 6246108.
5
Calculate the remainder when 2259845 is divided by 313.
298
Calculate the remainder when 10171522 is divided by 7.
4
Calculate the remainder when 21036467 is divided by 45.
2
Calculate the remainder when 11777866 is divided by 11777826.
40
Calculate the remainder when 3020747 is divided by 4303.
41
Calculate the remainder when 1455158 is divided by 332.
2
What is the remainder when 21048 is divided by 4189?
103
What is the remainder when 1390027 is divided by 72?
67
Calculate the remainder when 18436898 is divided by 6145598.
104
What is the remainder when 3422957 is divided by 228?
221
Calculate the remainder when 1040166 is divided by 1508.
1154
What is the remainder when 23294957 is divided by 241?
138
What is the remainder when 230625060 is divided by 213147?
6
Calculate the remainder when 179040 is divided by 6131.
1241
Calculate the remainder when 2042202 is divided by 81687.
27
What is the remainder when 97274 is divided by 6132?
5294
What is the remainder when 863621 is divided by 60?
41
What is the remainder when 1120256 is divided by 1120237?
19
What is the remainder when 820506 is divided by 54699?
21
What is the remainder when 1595108062 is divided by 528?
526
What is the remainder when 99232 is divided by 49568?
96
Calculate the remainder when 230900 is divided by 76566.
1202
Calculate the remainder when 318089 is divided by 31802.
69
What is the remainder when 381310 is divided by 1702?
62
What is the remainder when 1361087 is divided by 194439?
14
What is the remainder when 29224050 is divided by 286?
284
Calculate the remainder when 2420987 is divided by 772.
767
What is the remainder when 11166071 is divided by 1195?
1186
What is the remainder when 542515 is divided by 9512?
331
Calculate the remainder when 4552702 is divided by 1816.
1806
Calculate the remainder when 113569 is divided by 2260.
569
Calculate the remainder when 392589 is divided by 78501.
84
Calculate the remainder when 3002715 is divided by 750674.
19
What is the remainder when 86770 is divided by 289?
70
What is the remainder when 5958671 is divided by 292?
119
What is the remainder when 1321071 is divided by 440329?
84
What is the remainder when 10096511 is divided by 8?
7
What is the remainder when 28923713 is divided by 137?
136
What is the remainder when 1448138 is divided by 2624?
2314
What is the remainder when 7827151 is divided by 75991?
78
What is the remainder when 12479 is divided by 3880?
839
What is the remainder when 13715 is divided by 500?
215
Calculate the remainder when 337886 is divided by 9609.
1571
Calculate the remainder when 360866 is divided by 176772.
7322
What is the remainder when 166834 is divided by 1073?
519
Calculate the remainder when 17564326 is divided by 659.
658
Calculate the remainder when 39342 is divided by 1356.
18
What is the remainder when 64101 is divided by 520?
141
What is the remainder when 52983 is divided by 52188?
795
What is the remainder when 8978690 is divided by 1051?
1048
What is the remainder when 173083 is divided by 3036?
31
What is the remainder when 1524641 is divided by 508209?
14
Calculate the remainder when 7172451 is divided by 254.
253
What is the remainder when 16797143 is divided by 8398539?
65
Calculate the remainder when 827243 is divided by 275742.
17
What is the remainder when 32732409 is divided by 5455400?
9
Calculate the remainder when 23432 is divided by 5732.
504
Calculate the remainder when 432326166 is divided by 5337360.
6
What is the remainder when 12587654 is divided by 15057?
2
Calculate the remainder when 1626 is divided by 79.
46
Calculate the remainder when 18228186 is divided by 1745.
1661
Calculate the remainder when 179953 is divided by 179482.
471
Calculate the remainder when 40151652 is divided by 279.
204
Calculate the remainder when 9107044 is divided by 57.
40
Calculate the remainder when 57008 is divided by 5653.
478
Calculate the remainder when 1475997 is divided by 10.
7
What is the remainder when 301886790 is divided by 485?
480
What is the remainder when 976936 is divided by 29603?
37
Calculate the remainder when 130694 is divided by 663.
83
Calculate the remainder when 28492 is divided by 6462.
2644
What is the remainder when 336733873 is divided by 13?
8
Calculate the remainder when 61585 is divided by 813.
610
What is the remainder when 44729 is divided by 714?
461
What is the remainder when 5877390 is divided by 1787?
1734
Calculate the remainder when 36761363 is divided by 5251621.
16
Calculate the remainder when 3301114 is divided by 471584.
26
Calculate the remainder when 2452589 is divided by 2353.
763
Calculate the remainder when 1820691 is divided by 369.
45
Calculate the remainder when 87087102 is divided by 105.
102
What is the remainder when 1412691165 is divided by 1176?
1173
What is the remainder when 1386429 is divided by 14004?
33
What is the remainder when 1440981 is divided by 1594?
5
What is the remainder when 65252494 is divided by 16?
14
What is the remainder when 2683539 is divided by 165?
144
Calculate the remainder when 1566485 is divided by 54.
53
Calculate the remainder when 17641846 is divided by 8589.
40
What is the remainder when 17889481 is divided by 133?
50
What is the remainder when 18213767 is divided by 9106880?
7
Calculate the remainder when 27470 is divided by 13709.
52
What is the remainder when 52338 is divided by 2202?
1692
Calculate the remainder when 202827 is divided by 67482.
381
What is the remainder when 160068 is divided by 60?
48
What is the remainder when 17496866 is divided by